{"id":234,"date":"2024-12-13T12:09:08","date_gmt":"2024-12-13T11:09:08","guid":{"rendered":"https:\/\/przedszkole-szczecin.pl\/?page_id=234"},"modified":"2024-12-17T11:48:23","modified_gmt":"2024-12-17T10:48:23","slug":"o-nas","status":"publish","type":"page","link":"https:\/\/przedszkole-szczecin.pl\/index.php\/o-nas\/","title":{"rendered":"O NAS"},"content":{"rendered":"\n<pre class=\"wp-block-preformatted\">Przedszkole Kwiatuszek powsta\u0142o w 2018 roku w sercu Szczecina z my\u015bl\u0105 o stworzeniu miejsca, kt\u00f3re \u0142\u0105czy ciep\u0142o domowej atmosfery z profesjonaln\u0105 edukacj\u0105. Naszym celem jest zapewnienie dzieciom bezpiecznego, inspiruj\u0105cego i pe\u0142nego mi\u0142o\u015bci \u015brodowiska, w kt\u00f3rym b\u0119d\u0105 mog\u0142y rozwija\u0107 swoje umiej\u0119tno\u015bci, odkrywa\u0107 pasje i budowa\u0107 pewno\u015b\u0107 siebie ju\u017c od najm\u0142odszych lat.<\/pre>\n\n\n\n<pre class=\"wp-block-verse\">W \u201eKwiatuszku\u201d stawiamy na kompleksowy rozw\u00f3j dzieci. Nasz program edukacyjny zosta\u0142 tak zaplanowany, by maluchy nie tylko bawi\u0142y si\u0119, ale r\u00f3wnie\u017c uczy\u0142y w spos\u00f3b naturalny i bezstresowy. Ju\u017c od przedszkolnych lat wprowadzamy dzieci w \u015bwiat liter i s\u0142\u00f3w, ucz\u0105c ich czytania i pisania w spos\u00f3b dostosowany do ich wieku i mo\u017cliwo\u015bci. Z rado\u015bci\u0105 obserwujemy, jak z ka\u017cdym dniem maluchy stawiaj\u0105 kolejne kroki w nauce, a zdobyte umiej\u0119tno\u015bci staj\u0105 si\u0119 solidn\u0105 podstaw\u0105 do dalszego rozwoju.<\/pre>\n\n\n\n<pre class=\"wp-block-verse\">Du\u017c\u0105 wag\u0119 przyk\u0142adamy tak\u017ce do kszta\u0142towania dobrych manier i umiej\u0119tno\u015bci spo\u0142ecznych. Uczymy dzieci szacunku do innych, empatii oraz wsp\u00f3\u0142pracy w grupie. Dla nas wa\u017cne jest, aby maluchy ros\u0142y w atmosferze wzajemnego szacunku, zar\u00f3wno wobec siebie, jak i otaczaj\u0105cego ich \u015bwiata.<\/pre>\n\n\n\n<pre class=\"wp-block-verse\">Jako plac\u00f3wka, kt\u00f3ra patrzy w przysz\u0142o\u015b\u0107, oferujemy r\u00f3wnie\u017c nauk\u0119 j\u0119zyk\u00f3w obcych \u2013 angielskiego i niemieckiego.<\/pre>\n\n\n\n<pre class=\"wp-block-verse\">Kameralna grupa, licz\u0105ca maksymalnie 15 dzieci, to kolejny atut naszego przedszkola. Dzi\u0119ki takiej liczbie, mo\u017cemy po\u015bwi\u0119ci\u0107 ka\u017cdemu dziecku indywidualn\u0105 uwag\u0119 i dopasowa\u0107 program edukacyjny do jego tempa rozwoju. Maluchy czuj\u0105 si\u0119 u nas bezpieczne, a rodzice maj\u0105 pewno\u015b\u0107, \u017ce ich dzieci s\u0105 pod najlepsz\u0105 opiek\u0105.<\/pre>\n\n\n\n<pre class=\"wp-block-verse\">Przedszkole \u201eKwiatuszek\u201d to miejsce, w kt\u00f3rym ka\u017cde dziecko ma szans\u0119 rozwin\u0105\u0107 swoje talenty, poczu\u0107 si\u0119 wa\u017cne i kochane, a tak\u017ce zdoby\u0107 solidne fundamenty do dalszej nauki. Wierzymy, \u017ce ka\u017cde dziecko zas\u0142uguje na najlepszy start w \u017cycie, dlatego z pasj\u0105 i zaanga\u017cowaniem dbamy o ich rozw\u00f3j intelektualny, emocjonalny i spo\u0142eczny.<\/pre>\n\n\n\n<pre class=\"wp-block-verse\">Jeste\u015bmy dumni, \u017ce mo\u017cemy towarzyszy\u0107 naszym ma\u0142ym podopiecznym na ich edukacyjnej drodze i pomaga\u0107 im w budowaniu pewno\u015bci siebie, kt\u00f3ra pozwala im osi\u0105ga\u0107 sukcesy w kolejnych etapach \u017cycia.<\/pre>\n\n\n\n<p><\/p>\n","protected":false},"excerpt":{"rendered":"<p>Przedszkole Kwiatuszek powsta\u0142o w 2018 roku w sercu Szczecina z my\u015bl\u0105 o stworzeniu miejsca, kt\u00f3re [&hellip;]<\/p>\n","protected":false},"author":1,"featured_media":0,"parent":0,"menu_order":0,"comment_status":"closed","ping_status":"closed","template":"","meta":{"_seopress_robots_primary_cat":"","_seopress_titles_title":"","_seopress_titles_desc":"","_seopress_robots_index":"","_kadence_starter_templates_imported_post":false,"footnotes":""},"class_list":["post-234","page","type-page","status-publish","hentry"],"_links":{"self":[{"href":"https:\/\/przedszkole-szczecin.pl\/index.php\/wp-json\/wp\/v2\/pages\/234","targetHints":{"allow":["GET"]}}],"collection":[{"href":"https:\/\/przedszkole-szczecin.pl\/index.php\/wp-json\/wp\/v2\/pages"}],"about":[{"href":"https:\/\/przedszkole-szczecin.pl\/index.php\/wp-json\/wp\/v2\/types\/page"}],"author":[{"embeddable":true,"href":"https:\/\/przedszkole-szczecin.pl\/index.php\/wp-json\/wp\/v2\/users\/1"}],"replies":[{"embeddable":true,"href":"https:\/\/przedszkole-szczecin.pl\/index.php\/wp-json\/wp\/v2\/comments?post=234"}],"version-history":[{"count":12,"href":"https:\/\/przedszkole-szczecin.pl\/index.php\/wp-json\/wp\/v2\/pages\/234\/revisions"}],"predecessor-version":[{"id":333,"href":"https:\/\/przedszkole-szczecin.pl\/index.php\/wp-json\/wp\/v2\/pages\/234\/revisions\/333"}],"wp:attachment":[{"href":"https:\/\/przedszkole-szczecin.pl\/index.php\/wp-json\/wp\/v2\/media?parent=234"}],"curies":[{"name":"wp","href":"https:\/\/api.w.org\/{rel}","templated":true}]}}